{"id":8,"date":"2017-06-01T08:19:54","date_gmt":"2017-06-01T08:19:54","guid":{"rendered":"http:\/\/www.naimamar.com\/danza\/?page_id=8"},"modified":"2017-10-18T07:45:55","modified_gmt":"2017-10-18T07:45:55","slug":"sobre-mi","status":"publish","type":"page","link":"https:\/\/naimamar.com\/danza\/sobre-mi\/","title":{"rendered":"Sobre Mi"},"content":{"rendered":"\t\t<div data-elementor-type=\"wp-page\" data-elementor-id=\"8\" class=\"elementor elementor-8 elementor-bc-flex-widget\">\n\t\t\t\t\t\t\t\t\t<section class=\"elementor-section elementor-top-section elementor-element elementor-element-adsmyit elementor-section-stretched elementor-section-boxed elementor-section-height-default elementor-section-height-default\" data-id=\"adsmyit\" data-element_type=\"section\" data-settings=\"{&quot;background_background&quot;:&quot;classic&quot;,&quot;stretch_section&quot;:&quot;section-stretched&quot;}\">\n\t\t\t\t\t\t\t<div class=\"elementor-background-overlay\"><\/div>\n\t\t\t\t\t\t\t<div class=\"elementor-container elementor-column-gap-default\">\n\t\t\t\t\t<div class=\"elementor-column elementor-col-100 elementor-top-column elementor-element elementor-element-vajsjrp\" data-id=\"vajsjrp\" data-element_type=\"column\">\n\t\t\t<div class=\"elementor-widget-wrap elementor-element-populated\">\n\t\t\t\t\t\t\t\t<div class=\"elementor-element elementor-element-ydfuts8 elementor-invisible elementor-widget elementor-widget-heading\" data-id=\"ydfuts8\" data-element_type=\"widget\" data-settings=\"{&quot;_animation&quot;:&quot;fadeInRight&quot;,&quot;_animation_delay&quot;:0}\" data-widget_type=\"heading.default\">\n\t\t\t\t<div class=\"elementor-widget-container\">\n\t\t\t<style>\/*! elementor - v3.16.0 - 13-09-2023 *\/\n.elementor-heading-title{padding:0;margin:0;line-height:1}.elementor-widget-heading .elementor-heading-title[class*=elementor-size-]>a{color:inherit;font-size:inherit;line-height:inherit}.elementor-widget-heading .elementor-heading-title.elementor-size-small{font-size:15px}.elementor-widget-heading .elementor-heading-title.elementor-size-medium{font-size:19px}.elementor-widget-heading .elementor-heading-title.elementor-size-large{font-size:29px}.elementor-widget-heading .elementor-heading-title.elementor-size-xl{font-size:39px}.elementor-widget-heading .elementor-heading-title.elementor-size-xxl{font-size:59px}<\/style><h2 class=\"elementor-heading-title elementor-size-xl\">Sobre M\u00ed...<\/h2>\t\t<\/div>\n\t\t\t\t<\/div>\n\t\t\t\t<div class=\"elementor-element elementor-element-xowcn21 elementor-widget elementor-widget-text-editor\" data-id=\"xowcn21\" data-element_type=\"widget\" data-widget_type=\"text-editor.default\">\n\t\t\t\t<div class=\"elementor-widget-container\">\n\t\t\t<style>\/*! elementor - v3.16.0 - 13-09-2023 *\/\n.elementor-widget-text-editor.elementor-drop-cap-view-stacked .elementor-drop-cap{background-color:#69727d;color:#fff}.elementor-widget-text-editor.elementor-drop-cap-view-framed .elementor-drop-cap{color:#69727d;border:3px solid;background-color:transparent}.elementor-widget-text-editor:not(.elementor-drop-cap-view-default) .elementor-drop-cap{margin-top:8px}.elementor-widget-text-editor:not(.elementor-drop-cap-view-default) .elementor-drop-cap-letter{width:1em;height:1em}.elementor-widget-text-editor .elementor-drop-cap{float:left;text-align:center;line-height:1;font-size:50px}.elementor-widget-text-editor .elementor-drop-cap-letter{display:inline-block}<\/style>\t\t\t\t<p><span style=\"color: #000000;\">Baila\u00adr\u00adina y\u00a0Pro\u00adfe\u00adsora de Danza Ori\u00aden\u00adtal; con sem\u00adi\u00adnar\u00adios impar\u00adtidos en el Club Reserva del Higuer\u00f3n, talleres espec\u00edficos en festivales tem\u00e1ticos y academias, y\u00a0clases reg\u00adu\u00adlares en Acad\u00ade\u00admia Expre\u00adsi\u00f3n de Mijas Costa, Escuela Dan\u00adza\u00adma\u00adnia en Arroyo de la Miel,\u00a0Acade\u00admia Chass\u00e9 de Fuengirola y Escuela Municipal de Musica de Fuengirola.<\/span><\/p><p><span style=\"color: #000000;\">Apasionada de la m\u00fasica, nace en el seno de una familia de m\u00fasicos profesionales (por parte paterna) y ra\u00edces marroqu\u00edes (por parte materna) y es en ese ambiente, impregnado de m\u00fasica, costumbres y cultura, donde se forma, desde muy temprana edad, en el mundo de la canci\u00f3n y de la danza, llegando a ser una reconocida cantante a la edad de 16 a\u00f1os.<\/span><\/p><p><!---more--><\/p><p><span style=\"color: #000000;\">Siempre atra\u00edda por sus ra\u00edces, durante un largo tiempo busc\u00f3 una maestra que fuera capaz de transmitir toda la energ\u00eda y t\u00e9cnica que encierra esta milenaria danza, cuando, a finales del 2003\u00a0 se cruza en su camino, la que ser\u00e1 su maestra y fuente de inspiraci\u00f3n hasta la actualidad,\u00a0<a href=\"http:\/\/kayra-danza-oriental.com\/\">Kayra<\/a>; Co-fundadora del grupo de Bellydance \u00abAl-Kamra\u00bb ( 2007-2010); a principios de 2011 retoma su carrera en solitario, profundizando en la b\u00fasqueda y desarrollo de su propio estilo.<\/span><\/p><p><span style=\"color: #000000;\">Ha participado en algunos de los m\u00e1s prestigiosos Festivales de Andaluc\u00eda, entre los que destacan Ra\u00edces 2012 y Pura Esencia 2014 (organizados por Naima Bakkali) Luna Llena 2012 y Bellyfussion 2013 (organizados por Sylvia Shazadi) Glamour Oriental (organizado por Nureen), Almarabe ediciones 2013-2015 (organizado por Esalim) Homenaje a la gran bailarina libanesa Amani (organizado por Nada Chouaib), Mitosis Fest (organizado por Julia Mendez), Almutamid Sevilla invitada como bailarina y maestra (organizado por Sandra Odalisca) Adem\u00e1s de impartir talleres en distintas provincias de Andaluc\u00eda, Almer\u00eda, Sevilla y M\u00e1laga.<\/span><\/p><p><span style=\"color: #000000;\">Su carisma y simpat\u00eda hacen de Naima, una bailarina y profesora original y cautivadora, Su inquietud y af\u00e1n de difundir esta milenaria danza, la llevan a crear y dirigir grandes eventos in\u00e9ditos hasta en ese momento en su localidad, entre los que destacan las 5 ediciones espect\u00e1culos\/muestras de alumnas \u201cBellynights\u201d, 2 ediciones de Danza Solidaria, en cooperaci\u00f3n con la Academia Expresi\u00f3n, y los fines de semana intensivos con artistas invitados \u201cWeekend\u201d, en los que participan artistas como Gopi Kumari (danza Bharatnatyam), Cristabel (Danzas Polinesias), Amaranth (danza tribal), Jamal Al Nour y una de sus maestras, Ana Saeeda, talleres de gran \u00e9xito con varias ediciones posteriores. En Noviembre del 2014, nos present\u00f3 su \u00faltimo proyecto, Bellydance Connection, un proyecto ambicioso en el que reuni\u00f3 grandes figuras del panorama nacional, combinando talleres espec\u00edficos durante todo el fin de semana del 15 y 16 de noviembre, y una gran gala en la que adem\u00e1s de los maestros, disfrutamos de grandes artistas a nivel nacional y local.<\/span><\/p><p><span style=\"color: #000000;\">A comienzos de 2015 forma y dirige el grupo de danza oriental, Fedhala Group, formado por alumnas de nivel avanzado de la Escuela Danza Orienta Naima Mar, con el que ofrece espect\u00e1culos llenos de colorido y variedad.<\/span><\/p><p><span style=\"color: #000000;\">A finales de 2015 es elegida junto a 7 bailarinas para formar parte del\u00a0novedoso y debutante proyecto MASTER 3 de Ana Saeeda en Madrid, que culmina con dos espect\u00e1culos en el mes de julio de 2016 en la Teatro Mirador de Madrid.<\/span><\/p><p>En 2017 organiza junto a Inma Cozar y Esther Lorenzo la primera y exitosa edici\u00f3n de\u00bbLilith\u00bb espect\u00e1culos y eventos beneficos a favor de protectoras de animales no gubernamentales.\u00a0<\/p><p><span style=\"color: #000000;\">En la actualidad, sigue form\u00e1ndose en cursos profesionales especializados y realizando talleres con las figuras m\u00e1s relevantes del panorama actual, concretamente, a finales de 2017 viaja a Italia para asistir al primer curso de formaci\u00f3n intensivo organizado por Aida Bogomolova,\u00a0 gran bailarina reconocida y una magnifica Maestra, cumplimentado su formaci\u00f3n con clases de ballet, jazz modern, contempor\u00e1neo y expresi\u00f3n.<\/span><\/p><p>\u00abEn la danza, como en la vida, nunca se sabe lo suficiente, siempre hay algo nuevo y descubrirlo d\u00eda a d\u00eda, bien como docente o como\u00a0alumna, constituye una de mis grandes pasiones\u00bb<\/p>\t\t\t\t\t\t<\/div>\n\t\t\t\t<\/div>\n\t\t\t\t\t<\/div>\n\t\t<\/div>\n\t\t\t\t\t\t\t<\/div>\n\t\t<\/section>\n\t\t\t\t\t\t\t<\/div>\n\t\t","protected":false},"excerpt":{"rendered":"<p>Sobre M\u00ed&#8230; Baila\u00adr\u00adina y\u00a0Pro\u00adfe\u00adsora de Danza Ori\u00aden\u00adtal; con sem\u00adi\u00adnar\u00adios impar\u00adtidos en el Club Reserva del Higuer\u00f3n, talleres espec\u00edficos en festivales tem\u00e1ticos y academias, y\u00a0clases reg\u00adu\u00adlares en Acad\u00ade\u00admia Expre\u00adsi\u00f3n de Mijas Costa, Escuela Dan\u00adza\u00adma\u00adnia en Arroyo de la Miel,\u00a0Acade\u00admia Chass\u00e9 de Fuengirola y Escuela Municipal de Musica de Fuengirola. Apasionada de la m\u00fasica, nace en el &hellip; <\/p>\n<p class=\"link-more\"><a href=\"https:\/\/naimamar.com\/danza\/sobre-mi\/\" class=\"more-link\">Continuar leyendo<span class=\"screen-reader-text\"> \u00abSobre Mi\u00bb<\/span><\/a><\/p>\n","protected":false},"author":1,"featured_media":0,"parent":0,"menu_order":0,"comment_status":"closed","ping_status":"closed","template":"","meta":{"footnotes":""},"_links":{"self":[{"href":"https:\/\/naimamar.com\/danza\/wp-json\/wp\/v2\/pages\/8"}],"collection":[{"href":"https:\/\/naimamar.com\/danza\/wp-json\/wp\/v2\/pages"}],"about":[{"href":"https:\/\/naimamar.com\/danza\/wp-json\/wp\/v2\/types\/page"}],"author":[{"embeddable":true,"href":"https:\/\/naimamar.com\/danza\/wp-json\/wp\/v2\/users\/1"}],"replies":[{"embeddable":true,"href":"https:\/\/naimamar.com\/danza\/wp-json\/wp\/v2\/comments?post=8"}],"version-history":[{"count":74,"href":"https:\/\/naimamar.com\/danza\/wp-json\/wp\/v2\/pages\/8\/revisions"}],"predecessor-version":[{"id":1730,"href":"https:\/\/naimamar.com\/danza\/wp-json\/wp\/v2\/pages\/8\/revisions\/1730"}],"wp:attachment":[{"href":"https:\/\/naimamar.com\/danza\/wp-json\/wp\/v2\/media?parent=8"}],"curies":[{"name":"wp","href":"https:\/\/api.w.org\/{rel}","templated":true}]}}

<div data-elementor-type="wp-page" data-elementor-id="8" class="elementor elementor-8 elementor-bc-flex-widget">
									<section class="elementor-section elementor-top-section elementor-element elementor-element-adsmyit elementor-section-stretched elementor-section-boxed elementor-section-height-default elementor-section-height-default" data-id="adsmyit" data-element_type="section" data-settings="{&quot;background_background&quot;:&quot;classic&quot;,&quot;stretch_section&quot;:&quot;section-stretched&quot;}">
							<div class="elementor-background-overlay"></div>
							<div class="elementor-container elementor-column-gap-default">
					<div class="elementor-column elementor-col-100 elementor-top-column elementor-element elementor-element-vajsjrp" data-id="vajsjrp" data-element_type="column">
			<div class="elementor-widget-wrap elementor-element-populated">
								<div class="elementor-element elementor-element-ydfuts8 elementor-invisible elementor-widget elementor-widget-heading" data-id="ydfuts8" data-element_type="widget" data-settings="{&quot;_animation&quot;:&quot;fadeInRight&quot;,&quot;_animation_delay&quot;:0}" data-widget_type="heading.default">
				<div class="elementor-widget-container">
			<style>/*! elementor - v3.16.0 - 13-09-2023 */
.elementor-heading-title{padding:0;margin:0;line-height:1}.elementor-widget-heading .elementor-heading-title[class*=elementor-size-]>a{color:inherit;font-size:inherit;line-height:inherit}.elementor-widget-heading .elementor-heading-title.elementor-size-small{font-size:15px}.elementor-widget-heading .elementor-heading-title.elementor-size-medium{font-size:19px}.elementor-widget-heading .elementor-heading-title.elementor-size-large{font-size:29px}.elementor-widget-heading .elementor-heading-title.elementor-size-xl{font-size:39px}.elementor-widget-heading .elementor-heading-title.elementor-size-xxl{font-size:59px}</style><h2 class="elementor-heading-title elementor-size-xl">Sobre Mí...</h2>		</div>
				</div>
				<div class="elementor-element elementor-element-xowcn21 elementor-widget elementor-widget-text-editor" data-id="xowcn21" data-element_type="widget" data-widget_type="text-editor.default">
				<div class="elementor-widget-container">
			<style>/*! elementor - v3.16.0 - 13-09-2023 */
.elementor-widget-text-editor.elementor-drop-cap-view-stacked .elementor-drop-cap{background-color:#69727d;color:#fff}.elementor-widget-text-editor.elementor-drop-cap-view-framed .elementor-drop-cap{color:#69727d;border:3px solid;background-color:transparent}.elementor-widget-text-editor:not(.elementor-drop-cap-view-default) .elementor-drop-cap{margin-top:8px}.elementor-widget-text-editor:not(.elementor-drop-cap-view-default) .elementor-drop-cap-letter{width:1em;height:1em}.elementor-widget-text-editor .elementor-drop-cap{float:left;text-align:center;line-height:1;font-size:50px}.elementor-widget-text-editor .elementor-drop-cap-letter{display:inline-block}</style>				<p><span style="color: #000000;">Baila­r­ina y Pro­fe­sora de Danza Ori­en­tal; con sem­i­nar­ios impar­tidos en el Club Reserva del Higuerón, talleres específicos en festivales temáticos y academias, y clases reg­u­lares en Acad­e­mia Expre­sión de Mijas Costa, Escuela Dan­za­ma­nia en Arroyo de la Miel, Acade­mia Chassé de Fuengirola y Escuela Municipal de Musica de Fuengirola.</span></p><p><span style="color: #000000;">Apasionada de la música, nace en el seno de una familia de músicos profesionales (por parte paterna) y raíces marroquíes (por parte materna) y es en ese ambiente, impregnado de música, costumbres y cultura, donde se forma, desde muy temprana edad, en el mundo de la canción y de la danza, llegando a ser una reconocida cantante a la edad de 16 años.</span></p><p><!---more--></p><p><span style="color: #000000;">Siempre atraída por sus raíces, durante un largo tiempo buscó una maestra que fuera capaz de transmitir toda la energía y técnica que encierra esta milenaria danza, cuando, a finales del 2003  se cruza en su camino, la que será su maestra y fuente de inspiración hasta la actualidad, <a href="http://kayra-danza-oriental.com/">Kayra</a>; Co-fundadora del grupo de Bellydance «Al-Kamra» ( 2007-2010); a principios de 2011 retoma su carrera en solitario, profundizando en la búsqueda y desarrollo de su propio estilo.</span></p><p><span style="color: #000000;">Ha participado en algunos de los más prestigiosos Festivales de Andalucía, entre los que destacan Raíces 2012 y Pura Esencia 2014 (organizados por Naima Bakkali) Luna Llena 2012 y Bellyfussion 2013 (organizados por Sylvia Shazadi) Glamour Oriental (organizado por Nureen), Almarabe ediciones 2013-2015 (organizado por Esalim) Homenaje a la gran bailarina libanesa Amani (organizado por Nada Chouaib), Mitosis Fest (organizado por Julia Mendez), Almutamid Sevilla invitada como bailarina y maestra (organizado por Sandra Odalisca) Además de impartir talleres en distintas provincias de Andalucía, Almería, Sevilla y Málaga.</span></p><p><span style="color: #000000;">Su carisma y simpatía hacen de Naima, una bailarina y profesora original y cautivadora, Su inquietud y afán de difundir esta milenaria danza, la llevan a crear y dirigir grandes eventos inéditos hasta en ese momento en su localidad, entre los que destacan las 5 ediciones espectáculos/muestras de alumnas “Bellynights”, 2 ediciones de Danza Solidaria, en cooperación con la Academia Expresión, y los fines de semana intensivos con artistas invitados “Weekend”, en los que participan artistas como Gopi Kumari (danza Bharatnatyam), Cristabel (Danzas Polinesias), Amaranth (danza tribal), Jamal Al Nour y una de sus maestras, Ana Saeeda, talleres de gran éxito con varias ediciones posteriores. En Noviembre del 2014, nos presentó su último proyecto, Bellydance Connection, un proyecto ambicioso en el que reunió grandes figuras del panorama nacional, combinando talleres específicos durante todo el fin de semana del 15 y 16 de noviembre, y una gran gala en la que además de los maestros, disfrutamos de grandes artistas a nivel nacional y local.</span></p><p><span style="color: #000000;">A comienzos de 2015 forma y dirige el grupo de danza oriental, Fedhala Group, formado por alumnas de nivel avanzado de la Escuela Danza Orienta Naima Mar, con el que ofrece espectáculos llenos de colorido y variedad.</span></p><p><span style="color: #000000;">A finales de 2015 es elegida junto a 7 bailarinas para formar parte del novedoso y debutante proyecto MASTER 3 de Ana Saeeda en Madrid, que culmina con dos espectáculos en el mes de julio de 2016 en la Teatro Mirador de Madrid.</span></p><p>En 2017 organiza junto a Inma Cozar y Esther Lorenzo la primera y exitosa edición de»Lilith» espectáculos y eventos beneficos a favor de protectoras de animales no gubernamentales. </p><p><span style="color: #000000;">En la actualidad, sigue formándose en cursos profesionales especializados y realizando talleres con las figuras más relevantes del panorama actual, concretamente, a finales de 2017 viaja a Italia para asistir al primer curso de formación intensivo organizado por Aida Bogomolova,  gran bailarina reconocida y una magnifica Maestra, cumplimentado su formación con clases de ballet, jazz modern, contemporáneo y expresión.</span></p><p>«En la danza, como en la vida, nunca se sabe lo suficiente, siempre hay algo nuevo y descubrirlo día a día, bien como docente o como alumna, constituye una de mis grandes pasiones»</p>						</div>
				</div>
					</div>
		</div>
							</div>
		</section>
							</div>

<p>Sobre Mí&#8230; Baila­r­ina y Pro­fe­sora de Danza Ori­en­tal; con sem­i­nar­ios impar­tidos en el Club Reserva del Higuerón, talleres específicos en festivales temáticos y academias, y clases reg­u­lares en Acad­e­mia Expre­sión de Mijas Costa, Escuela Dan­za­ma­nia en Arroyo de la Miel, Acade­mia Chassé de Fuengirola y Escuela Municipal de Musica de Fuengirola. Apasionada de la música, nace en el &hellip; </p>
<p class="link-more"><a href="https://naimamar.com/danza/sobre-mi/" class="more-link">Continuar leyendo<span class="screen-reader-text"> «Sobre Mi»</span></a></p>
